{"id":1119,"date":"2023-04-11T11:16:05","date_gmt":"2023-04-11T09:16:05","guid":{"rendered":"https:\/\/nice06-renovation.com\/?page_id=1119"},"modified":"2023-06-18T17:58:29","modified_gmt":"2023-06-18T15:58:29","slug":"prestations","status":"publish","type":"page","link":"https:\/\/nice06-renovation.com\/index.php\/prestations\/","title":{"rendered":"Pr\u00e9stations"},"content":{"rendered":"\t\t<div data-elementor-type=\"wp-page\" data-elementor-id=\"1119\" class=\"elementor elementor-1119\">\n\t\t\t\t\t\t<section class=\"elementor-section elementor-top-section elementor-element elementor-element-bc3cdf2 elementor-section-boxed elementor-section-height-default elementor-section-height-default\" data-id=\"bc3cdf2\" data-element_type=\"section\">\n\t\t\t\t\t\t<div class=\"elementor-container elementor-column-gap-default\">\n\t\t\t\t\t<div class=\"elementor-column elementor-col-100 elementor-top-column elementor-element elementor-element-18fb7e8\" data-id=\"18fb7e8\" data-element_type=\"column\">\n\t\t\t<div class=\"elementor-widget-wrap elementor-element-populated\">\n\t\t\t\t\t\t<section class=\"elementor-section elementor-inner-section elementor-element elementor-element-a7b0b8b elementor-section-boxed elementor-section-height-default elementor-section-height-default\" data-id=\"a7b0b8b\" data-element_type=\"section\">\n\t\t\t\t\t\t<div class=\"elementor-container elementor-column-gap-default\">\n\t\t\t\t\t<div class=\"elementor-column elementor-col-100 elementor-inner-column elementor-element elementor-element-ebc06af\" data-id=\"ebc06af\" data-element_type=\"column\">\n\t\t\t<div class=\"elementor-widget-wrap elementor-element-populated\">\n\t\t\t\t\t\t<div class=\"elementor-element elementor-element-fa64dd7 elementor-widget elementor-widget-heading\" data-id=\"fa64dd7\" data-element_type=\"widget\" data-widget_type=\"heading.default\">\n\t\t\t\t<div class=\"elementor-widget-container\">\n\t\t\t\t\t<h4 class=\"elementor-heading-title elementor-size-default\">Ma\u00e7onerie<\/h4>\t\t\t\t<\/div>\n\t\t\t\t<\/div>\n\t\t\t\t<div class=\"elementor-element elementor-element-5bdd80c elementor-widget elementor-widget-image\" data-id=\"5bdd80c\" data-element_type=\"widget\" data-widget_type=\"image.default\">\n\t\t\t\t<div class=\"elementor-widget-container\">\n\t\t\t\t\t\t\t\t\t\t\t\t\t\t\t<img fetchpriority=\"high\" decoding=\"async\" width=\"300\" height=\"227\" src=\"https:\/\/nice06-renovation.com\/wp-content\/uploads\/2023\/04\/01-300x227.jpg\" class=\"attachment-medium size-medium wp-image-1122\" alt=\"\" srcset=\"https:\/\/nice06-renovation.com\/wp-content\/uploads\/2023\/04\/01-300x227.jpg 300w, https:\/\/nice06-renovation.com\/wp-content\/uploads\/2023\/04\/01.jpg 600w\" sizes=\"(max-width: 300px) 100vw, 300px\" \/>\t\t\t\t\t\t\t\t\t\t\t\t\t\t\t<\/div>\n\t\t\t\t<\/div>\n\t\t\t\t<div class=\"elementor-element elementor-element-b1fc34b elementor-widget elementor-widget-text-editor\" data-id=\"b1fc34b\" data-element_type=\"widget\" data-widget_type=\"text-editor.default\">\n\t\t\t\t<div class=\"elementor-widget-container\">\n\t\t\t\t\t\t\t\t\t<div>Cr\u00e9ation de cloisons et murs en tous types : placostyles, cloisons alv\u00e9olaires, briques, carreaux de terre cuite, carreaux pl\u00e2tre, b\u00e9ton cellulaire, parpaing creux, parpaing plein, brique de verre &#8230;<\/div>\n<div>Travaux de renforcement consolidation pose d\u2019IPN &#8230;<br><\/div>\n<div>Nous r\u00e9alisons tous travaux, tous types de faux plafonds suspendus en plaque de pl\u00e2tre, dalles plafond et plafond tendu. Les meilleurs produits ainsi que notre savoir faire sont mis \u00e0 votre service pour \u00e9viter tout d\u00e9sagr\u00e9ment au cours du chantier et apr\u00e8s notre d\u00e9part.<\/div>\n\n<ul>\n<li>Pose de dalle en b\u00e9ton<\/li>\n<li>Pose de murs en placo pl\u00e2tre<\/li>\n<li>Travaux de pl\u00e2trerie<\/li>\n<\/ul>\n<p><strong>D\u00e9placement sur Nice et sa r\u00e9gion pour tous types de travaux de ma\u00e7onnerie.<\/strong><\/p>\n<h5>Pourquoi choisir Nice R\u00e9novation ?<\/h5>\n<p><\/p>\n<p>Forte de plusieurs ann\u00e9es d\u2019exp\u00e9rience, notre \u00e9quipe de professionnels ma\u00eetrise toutes les techniques de ma\u00e7onnerie permettant de concr\u00e9tiser vos projets. Nous faisons \u00e9galement en sorte de respecter au mieux votre budget sans n\u00e9gliger la qualit\u00e9 pour autant. Tout s\u2019effectue sur-mesure car votre satisfaction est au c\u0153ur de nos pr\u00e9occupations. <br><\/p><p>N\u2019attendez plus pour nous contacter, nous sommes \u00e0 votre enti\u00e8re disposition.<\/p>\t\t\t\t\t\t\t\t<\/div>\n\t\t\t\t<\/div>\n\t\t\t\t\t<\/div>\n\t\t<\/div>\n\t\t\t\t\t<\/div>\n\t\t<\/section>\n\t\t\t\t\t<\/div>\n\t\t<\/div>\n\t\t\t\t\t<\/div>\n\t\t<\/section>\n\t\t\t\t<section class=\"elementor-section elementor-top-section elementor-element elementor-element-d901f32 elementor-section-boxed elementor-section-height-default elementor-section-height-default\" data-id=\"d901f32\" data-element_type=\"section\" data-settings=\"{&quot;background_background&quot;:&quot;classic&quot;}\">\n\t\t\t\t\t\t<div class=\"elementor-container elementor-column-gap-no\">\n\t\t\t\t\t<div class=\"elementor-column elementor-col-100 elementor-top-column elementor-element elementor-element-9d4eb72\" data-id=\"9d4eb72\" data-element_type=\"column\">\n\t\t\t<div class=\"elementor-widget-wrap elementor-element-populated\">\n\t\t\t\t\t\t<div class=\"elementor-element elementor-element-694a6d3 elementor-widget__width-auto elementor-widget elementor-widget-heading\" data-id=\"694a6d3\" data-element_type=\"widget\" data-widget_type=\"heading.default\">\n\t\t\t\t<div class=\"elementor-widget-container\">\n\t\t\t\t\t<h5 class=\"elementor-heading-title elementor-size-default\">N'attendez plus pour r\u00e9aliser vos travaux et contactez-nous<\/h5>\t\t\t\t<\/div>\n\t\t\t\t<\/div>\n\t\t\t\t<div class=\"elementor-element elementor-element-e124030 elementor-widget__width-auto elementor-widget elementor-widget-button\" data-id=\"e124030\" data-element_type=\"widget\" data-widget_type=\"button.default\">\n\t\t\t\t<div class=\"elementor-widget-container\">\n\t\t\t\t\t\t\t\t\t<div class=\"elementor-button-wrapper\">\n\t\t\t\t\t<a class=\"elementor-button elementor-button-link elementor-size-sm\" href=\"tel:+33620028601\">\n\t\t\t\t\t\t<span class=\"elementor-button-content-wrapper\">\n\t\t\t\t\t\t\t\t\t<span class=\"elementor-button-text\">0620028601<\/span>\n\t\t\t\t\t<\/span>\n\t\t\t\t\t<\/a>\n\t\t\t\t<\/div>\n\t\t\t\t\t\t\t\t<\/div>\n\t\t\t\t<\/div>\n\t\t\t\t\t<\/div>\n\t\t<\/div>\n\t\t\t\t\t<\/div>\n\t\t<\/section>\n\t\t\t\t<\/div>\n\t\t","protected":false},"excerpt":{"rendered":"<p>Ma\u00e7onerie Cr\u00e9ation de cloisons et murs en tous types : placostyles, cloisons alv\u00e9olaires, briques, carreaux de terre cuite, carreaux pl\u00e2tre, b\u00e9ton cellulaire, parpaing creux, parpaing plein, brique de verre &#8230; Travaux de renforcement consolidation pose d\u2019IPN &#8230; Nous r\u00e9alisons tous travaux, tous types de faux plafonds suspendus en plaque de pl\u00e2tre, dalles plafond et plafond [&hellip;]<\/p>\n","protected":false},"author":1,"featured_media":0,"parent":0,"menu_order":0,"comment_status":"closed","ping_status":"closed","template":"","meta":{"site-sidebar-layout":"no-sidebar","site-content-layout":"page-builder","ast-site-content-layout":"","site-content-style":"default","site-sidebar-style":"default","ast-global-header-display":"","ast-banner-title-visibility":"","ast-main-header-display":"","ast-hfb-above-header-display":"","ast-hfb-below-header-display":"","ast-hfb-mobile-header-display":"","site-post-title":"disabled","ast-breadcrumbs-content":"","ast-featured-img":"disabled","footer-sml-layout":"","theme-transparent-header-meta":"","adv-header-id-meta":"","stick-header-meta":"","header-above-stick-meta":"","header-main-stick-meta":"","header-below-stick-meta":"","astra-migrate-meta-layouts":"default","ast-page-background-enabled":"default","ast-page-background-meta":{"desktop":{"background-color":"","background-image":"","background-repeat":"repeat","background-position":"center center","background-size":"auto","background-attachment":"scroll","background-type":"","background-media":"","overlay-type":"","overlay-color":"","overlay-opacity":"","overlay-gradient":""},"tablet":{"background-color":"","background-image":"","background-repeat":"repeat","background-position":"center center","background-size":"auto","background-attachment":"scroll","background-type":"","background-media":"","overlay-type":"","overlay-color":"","overlay-opacity":"","overlay-gradient":""},"mobile":{"background-color":"","background-image":"","background-repeat":"repeat","background-position":"center center","background-size":"auto","background-attachment":"scroll","background-type":"","background-media":"","overlay-type":"","overlay-color":"","overlay-opacity":"","overlay-gradient":""}},"ast-content-background-meta":{"desktop":{"background-color":"var(--ast-global-color-5)","background-image":"","background-repeat":"repeat","background-position":"center center","background-size":"auto","background-attachment":"scroll","background-type":"","background-media":"","overlay-type":"","overlay-color":"","overlay-opacity":"","overlay-gradient":""},"tablet":{"background-color":"var(--ast-global-color-5)","background-image":"","background-repeat":"repeat","background-position":"center center","background-size":"auto","background-attachment":"scroll","background-type":"","background-media":"","overlay-type":"","overlay-color":"","overlay-opacity":"","overlay-gradient":""},"mobile":{"background-color":"var(--ast-global-color-5)","background-image":"","background-repeat":"repeat","background-position":"center center","background-size":"auto","background-attachment":"scroll","background-type":"","background-media":"","overlay-type":"","overlay-color":"","overlay-opacity":"","overlay-gradient":""}},"footnotes":""},"class_list":["post-1119","page","type-page","status-publish","hentry"],"_links":{"self":[{"href":"https:\/\/nice06-renovation.com\/index.php\/wp-json\/wp\/v2\/pages\/1119","targetHints":{"allow":["GET"]}}],"collection":[{"href":"https:\/\/nice06-renovation.com\/index.php\/wp-json\/wp\/v2\/pages"}],"about":[{"href":"https:\/\/nice06-renovation.com\/index.php\/wp-json\/wp\/v2\/types\/page"}],"author":[{"embeddable":true,"href":"https:\/\/nice06-renovation.com\/index.php\/wp-json\/wp\/v2\/users\/1"}],"replies":[{"embeddable":true,"href":"https:\/\/nice06-renovation.com\/index.php\/wp-json\/wp\/v2\/comments?post=1119"}],"version-history":[{"count":16,"href":"https:\/\/nice06-renovation.com\/index.php\/wp-json\/wp\/v2\/pages\/1119\/revisions"}],"predecessor-version":[{"id":1473,"href":"https:\/\/nice06-renovation.com\/index.php\/wp-json\/wp\/v2\/pages\/1119\/revisions\/1473"}],"wp:attachment":[{"href":"https:\/\/nice06-renovation.com\/index.php\/wp-json\/wp\/v2\/media?parent=1119"}],"curies":[{"name":"wp","href":"https:\/\/api.w.org\/{rel}","templated":true}]}}